{"id":76,"date":"2024-06-17T10:37:28","date_gmt":"2024-06-17T08:37:28","guid":{"rendered":"https:\/\/patronotremaisonglons.be\/?page_id=76"},"modified":"2024-09-13T11:01:53","modified_gmt":"2024-09-13T09:01:53","slug":"bienvenue","status":"publish","type":"page","link":"https:\/\/patronotremaisonglons.be\/","title":{"rendered":"Bienvenue"},"content":{"rendered":"\t\t<div data-elementor-type=\"wp-page\" data-elementor-id=\"76\" class=\"elementor elementor-76\">\n\t\t\t\t<div class=\"elementor-element elementor-element-5b8342c e-flex e-con-boxed e-con e-parent\" data-id=\"5b8342c\" data-element_type=\"container\">\n\t\t\t\t\t<div class=\"e-con-inner\">\n\t\t\t\t<div class=\"elementor-element elementor-element-6a7658c elementor-widget elementor-widget-heading\" data-id=\"6a7658c\" data-element_type=\"widget\" data-widget_type=\"heading.default\">\n\t\t\t\t<div class=\"elementor-widget-container\">\n\t\t\t<style>\/*! elementor - v3.23.0 - 05-08-2024 *\/\n.elementor-heading-title{padding:0;margin:0;line-height:1}.elementor-widget-heading .elementor-heading-title[class*=elementor-size-]>a{color:inherit;font-size:inherit;line-height:inherit}.elementor-widget-heading .elementor-heading-title.elementor-size-small{font-size:15px}.elementor-widget-heading .elementor-heading-title.elementor-size-medium{font-size:19px}.elementor-widget-heading .elementor-heading-title.elementor-size-large{font-size:29px}.elementor-widget-heading .elementor-heading-title.elementor-size-xl{font-size:39px}.elementor-widget-heading .elementor-heading-title.elementor-size-xxl{font-size:59px}<\/style><h2 class=\"elementor-heading-title elementor-size-default\">BIENTOT UNE NOUVELLE SALLE A GLONS <\/h2>\t\t<\/div>\n\t\t\t\t<\/div>\n\t\t\t\t\t<\/div>\n\t\t\t\t<\/div>\n\t\t<div class=\"elementor-element elementor-element-fb011fd e-flex e-con-boxed e-con e-parent\" data-id=\"fb011fd\" data-element_type=\"container\">\n\t\t\t\t\t<div class=\"e-con-inner\">\n\t\t\t\t<div class=\"elementor-element elementor-element-305bd58 elementor-widget elementor-widget-image\" data-id=\"305bd58\" data-element_type=\"widget\" data-widget_type=\"image.default\">\n\t\t\t\t<div class=\"elementor-widget-container\">\n\t\t\t<style>\/*! elementor - v3.23.0 - 05-08-2024 *\/\n.elementor-widget-image{text-align:center}.elementor-widget-image a{display:inline-block}.elementor-widget-image a img[src$=\".svg\"]{width:48px}.elementor-widget-image img{vertical-align:middle;display:inline-block}<\/style>\t\t\t\t\t\t\t\t\t\t<img fetchpriority=\"high\" decoding=\"async\" width=\"1536\" height=\"625\" src=\"https:\/\/patronotremaisonglons.be\/wp-content\/uploads\/2024\/06\/3D-Salle-NMP-1-1536x625.jpg\" class=\"attachment-1536x1536 size-1536x1536 wp-image-652\" alt=\"\" srcset=\"https:\/\/patronotremaisonglons.be\/wp-content\/uploads\/2024\/06\/3D-Salle-NMP-1-1536x625.jpg 1536w, https:\/\/patronotremaisonglons.be\/wp-content\/uploads\/2024\/06\/3D-Salle-NMP-1-300x122.jpg 300w, https:\/\/patronotremaisonglons.be\/wp-content\/uploads\/2024\/06\/3D-Salle-NMP-1-1024x416.jpg 1024w, https:\/\/patronotremaisonglons.be\/wp-content\/uploads\/2024\/06\/3D-Salle-NMP-1-768x312.jpg 768w, https:\/\/patronotremaisonglons.be\/wp-content\/uploads\/2024\/06\/3D-Salle-NMP-1-2048x833.jpg 2048w, https:\/\/patronotremaisonglons.be\/wp-content\/uploads\/2024\/06\/3D-Salle-NMP-1-1000x407.jpg 1000w, https:\/\/patronotremaisonglons.be\/wp-content\/uploads\/2024\/06\/3D-Salle-NMP-1-230x94.jpg 230w, https:\/\/patronotremaisonglons.be\/wp-content\/uploads\/2024\/06\/3D-Salle-NMP-1-350x142.jpg 350w, https:\/\/patronotremaisonglons.be\/wp-content\/uploads\/2024\/06\/3D-Salle-NMP-1-480x195.jpg 480w, https:\/\/patronotremaisonglons.be\/wp-content\/uploads\/2024\/06\/3D-Salle-NMP-1-800x325.jpg 800w\" sizes=\"(max-width: 1536px) 100vw, 1536px\" \/>\t\t\t\t\t\t\t\t\t\t\t\t\t<\/div>\n\t\t\t\t<\/div>\n\t\t\t\t\t<\/div>\n\t\t\t\t<\/div>\n\t\t<div class=\"elementor-element elementor-element-81ae5c5 e-flex e-con-boxed e-con e-parent\" data-id=\"81ae5c5\" data-element_type=\"container\">\n\t\t\t\t\t<div class=\"e-con-inner\">\n\t\t\t\t<div class=\"elementor-element elementor-element-cbf514a elementor-widget elementor-widget-text-editor\" data-id=\"cbf514a\" data-element_type=\"widget\" data-widget_type=\"text-editor.default\">\n\t\t\t\t<div class=\"elementor-widget-container\">\n\t\t\t<style>\/*! elementor - v3.23.0 - 05-08-2024 *\/\n.elementor-widget-text-editor.elementor-drop-cap-view-stacked .elementor-drop-cap{background-color:#69727d;color:#fff}.elementor-widget-text-editor.elementor-drop-cap-view-framed .elementor-drop-cap{color:#69727d;border:3px solid;background-color:transparent}.elementor-widget-text-editor:not(.elementor-drop-cap-view-default) .elementor-drop-cap{margin-top:8px}.elementor-widget-text-editor:not(.elementor-drop-cap-view-default) .elementor-drop-cap-letter{width:1em;height:1em}.elementor-widget-text-editor .elementor-drop-cap{float:left;text-align:center;line-height:1;font-size:50px}.elementor-widget-text-editor .elementor-drop-cap-letter{display:inline-block}<\/style>\t\t\t\t<p>Nous vous pr\u00e9sentons notre projet ambitieux visant \u00e0 am\u00e9liorer les infrastructures de notre village de Glons par la construction d&rsquo;une nouvelle salle polyvalente. Ce projet est initi\u00e9 par l&rsquo;ASBL Patro-Notre Maison, avec le soutien de l\u2019ASBL propri\u00e9taire des lieux, l\u2019Association des \u0153uvres catholiques\ndu doyenn\u00e9 de Basse-Meuse\u00a0\u00bb.\n<\/p>\n\n<p>\nCe sera le gage d\u2019une vraie vie sociale et citoyenne au c\u0153ur de nos villages, cela cr\u00e9era un lieu d\u2019\u00e9changes et de convivialit\u00e9, non seulement au niveau local, mais aussi au sein de toute la r\u00e9gion Basse-Meuse.\n<\/p>\n\n<p>\nActuellement, nous pr\u00e9voyons de vendre le b\u00e2timent du patro et de reconstruire une nouvelle salle sur le site existant de Notre Maison.\n<span style=\"text-align: var(--text-align);\">Divers \u00e9v\u00e9nements communautaires pourront donc y \u00eatre accueillis, dans l\u2019esprit chr\u00e9tien,\u00a0tels que :<\/span>\n<P>\n\n\n\n \t<li>Mariages, anniversaires et f\u00eates familiales<\/li>\n \t<li>R\u00e9unions associatives, communautaires et activit\u00e9s pastorales<\/li>\n \t<li>Spectacles et activit\u00e9s culturelles<\/li>\n \t<li>Activit\u00e9s sportives et r\u00e9cr\u00e9atives<\/li>\n \t<li>Mouvements de jeunesse (patro, scouts, )<\/li>\n \t<li>Activit\u00e9s du patro de Glons<\/li>\n<br \/>\n<p>\nNous vous remercions sinc\u00e8rement pour l&rsquo;attention que vous porterez au projet et esp\u00e9rons pouvoir compter sur votre aide pr\u00e9cieuse afin de le mener \u00e0 bien. Il contribuera au bien-\u00eatre et \u00e0 l&rsquo;\u00e9panouissement de notre communaut\u00e9.<\/p>\t\t\t\t\t\t<\/div>\n\t\t\t\t<\/div>\n\t\t\t\t\t<\/div>\n\t\t\t\t<\/div>\n\t\t<div class=\"elementor-element elementor-element-8f5b4ae e-flex e-con-boxed e-con e-parent\" data-id=\"8f5b4ae\" data-element_type=\"container\">\n\t\t\t\t\t<div class=\"e-con-inner\">\n\t\t\t\t<div class=\"elementor-element elementor-element-28920b6 elementor-widget elementor-widget-heading\" data-id=\"28920b6\" data-element_type=\"widget\" data-widget_type=\"heading.default\">\n\t\t\t\t<div class=\"elementor-widget-container\">\n\t\t\t<h2 class=\"elementor-heading-title elementor-size-default\"><span style=\"text-align: var(--text-align);\">POUR PLUS D'iNFORMATIONS SUR NOTRE PROJET ?<\/span><\/h2>\t\t<\/div>\n\t\t\t\t<\/div>\n\t\t\t\t\t<\/div>\n\t\t\t\t<\/div>\n\t\t<div class=\"elementor-element elementor-element-8e8fe39 e-flex e-con-boxed e-con e-parent\" data-id=\"8e8fe39\" data-element_type=\"container\">\n\t\t\t\t\t<div class=\"e-con-inner\">\n\t\t\t\t<div class=\"elementor-element elementor-element-db89210 elementor-button-success elementor-widget elementor-widget-button\" data-id=\"db89210\" data-element_type=\"widget\" data-widget_type=\"button.default\">\n\t\t\t\t<div class=\"elementor-widget-container\">\n\t\t\t\t\t<div class=\"elementor-button-wrapper\">\n\t\t\t<a class=\"elementor-button elementor-button-link elementor-size-sm\" href=\"https:\/\/patronotremaisonglons.be\/?p=54\">\n\t\t\t\t\t\t<span class=\"elementor-button-content-wrapper\">\n\t\t\t\t\t\t<span class=\"elementor-button-icon\">\n\t\t\t\t<svg aria-hidden=\"true\" class=\"e-font-icon-svg e-fas-warehouse\" viewBox=\"0 0 640 512\" xmlns=\"http:\/\/www.w3.org\/2000\/svg\"><path d=\"M504 352H136.4c-4.4 0-8 3.6-8 8l-.1 48c0 4.4 3.6 8 8 8H504c4.4 0 8-3.6 8-8v-48c0-4.4-3.6-8-8-8zm0 96H136.1c-4.4 0-8 3.6-8 8l-.1 48c0 4.4 3.6 8 8 8h368c4.4 0 8-3.6 8-8v-48c0-4.4-3.6-8-8-8zm0-192H136.6c-4.4 0-8 3.6-8 8l-.1 48c0 4.4 3.6 8 8 8H504c4.4 0 8-3.6 8-8v-48c0-4.4-3.6-8-8-8zm106.5-139L338.4 3.7a48.15 48.15 0 0 0-36.9 0L29.5 117C11.7 124.5 0 141.9 0 161.3V504c0 4.4 3.6 8 8 8h80c4.4 0 8-3.6 8-8V256c0-17.6 14.6-32 32.6-32h382.8c18 0 32.6 14.4 32.6 32v248c0 4.4 3.6 8 8 8h80c4.4 0 8-3.6 8-8V161.3c0-19.4-11.7-36.8-29.5-44.3z\"><\/path><\/svg>\t\t\t<\/span>\n\t\t\t\t\t\t\t\t\t<span class=\"elementor-button-text\">Cliquez ici<\/span>\n\t\t\t\t\t<\/span>\n\t\t\t\t\t<\/a>\n\t\t<\/div>\n\t\t\t\t<\/div>\n\t\t\t\t<\/div>\n\t\t\t\t\t<\/div>\n\t\t\t\t<\/div>\n\t\t<div class=\"elementor-element elementor-element-a5bf861 e-flex e-con-boxed e-con e-parent\" data-id=\"a5bf861\" data-element_type=\"container\">\n\t\t\t\t\t<div class=\"e-con-inner\">\n\t\t\t\t<div class=\"elementor-element elementor-element-224894c elementor-widget elementor-widget-heading\" data-id=\"224894c\" data-element_type=\"widget\" data-widget_type=\"heading.default\">\n\t\t\t\t<div class=\"elementor-widget-container\">\n\t\t\t<h2 class=\"elementor-heading-title elementor-size-default\">vous voulez nous aider ?<\/h2>\t\t<\/div>\n\t\t\t\t<\/div>\n\t\t\t\t\t<\/div>\n\t\t\t\t<\/div>\n\t\t<div class=\"elementor-element elementor-element-7c1c02f e-flex e-con-boxed e-con e-parent\" data-id=\"7c1c02f\" data-element_type=\"container\">\n\t\t\t\t\t<div class=\"e-con-inner\">\n\t\t\t\t<div class=\"elementor-element elementor-element-a2a17b2 elementor-button-success elementor-widget elementor-widget-button\" data-id=\"a2a17b2\" data-element_type=\"widget\" data-widget_type=\"button.default\">\n\t\t\t\t<div class=\"elementor-widget-container\">\n\t\t\t\t\t<div class=\"elementor-button-wrapper\">\n\t\t\t<a class=\"elementor-button elementor-button-link elementor-size-sm\" href=\"https:\/\/patronotremaisonglons.be\/?post_type=product\">\n\t\t\t\t\t\t<span class=\"elementor-button-content-wrapper\">\n\t\t\t\t\t\t<span class=\"elementor-button-icon\">\n\t\t\t\t<svg aria-hidden=\"true\" class=\"e-font-icon-svg e-fas-donate\" viewBox=\"0 0 512 512\" xmlns=\"http:\/\/www.w3.org\/2000\/svg\"><path d=\"M256 416c114.9 0 208-93.1 208-208S370.9 0 256 0 48 93.1 48 208s93.1 208 208 208zM233.8 97.4V80.6c0-9.2 7.4-16.6 16.6-16.6h11.1c9.2 0 16.6 7.4 16.6 16.6v17c15.5.8 30.5 6.1 43 15.4 5.6 4.1 6.2 12.3 1.2 17.1L306 145.6c-3.8 3.7-9.5 3.8-14 1-5.4-3.4-11.4-5.1-17.8-5.1h-38.9c-9 0-16.3 8.2-16.3 18.3 0 8.2 5 15.5 12.1 17.6l62.3 18.7c25.7 7.7 43.7 32.4 43.7 60.1 0 34-26.4 61.5-59.1 62.4v16.8c0 9.2-7.4 16.6-16.6 16.6h-11.1c-9.2 0-16.6-7.4-16.6-16.6v-17c-15.5-.8-30.5-6.1-43-15.4-5.6-4.1-6.2-12.3-1.2-17.1l16.3-15.5c3.8-3.7 9.5-3.8 14-1 5.4 3.4 11.4 5.1 17.8 5.1h38.9c9 0 16.3-8.2 16.3-18.3 0-8.2-5-15.5-12.1-17.6l-62.3-18.7c-25.7-7.7-43.7-32.4-43.7-60.1.1-34 26.4-61.5 59.1-62.4zM480 352h-32.5c-19.6 26-44.6 47.7-73 64h63.8c5.3 0 9.6 3.6 9.6 8v16c0 4.4-4.3 8-9.6 8H73.6c-5.3 0-9.6-3.6-9.6-8v-16c0-4.4 4.3-8 9.6-8h63.8c-28.4-16.3-53.3-38-73-64H32c-17.7 0-32 14.3-32 32v96c0 17.7 14.3 32 32 32h448c17.7 0 32-14.3 32-32v-96c0-17.7-14.3-32-32-32z\"><\/path><\/svg>\t\t\t<\/span>\n\t\t\t\t\t\t\t\t\t<span class=\"elementor-button-text\">Cliquez ici pour faire un Don<\/span>\n\t\t\t\t\t<\/span>\n\t\t\t\t\t<\/a>\n\t\t<\/div>\n\t\t\t\t<\/div>\n\t\t\t\t<\/div>\n\t\t\t\t\t<\/div>\n\t\t\t\t<\/div>\n\t\t\t\t<\/div>\n\t\t","protected":false},"excerpt":{"rendered":"<p>BIENTOT UNE NOUVELLE SALLE A GLONS Nous vous pr\u00e9sentons notre projet ambitieux visant \u00e0 am\u00e9liorer les infrastructures de notre village de Glons [&hellip;]<\/p>\n","protected":false},"author":1,"featured_media":0,"parent":0,"menu_order":0,"comment_status":"closed","ping_status":"closed","template":"elementor_header_footer","meta":{"footnotes":""},"class_list":["post-76","page","type-page","status-publish","hentry"],"_links":{"self":[{"href":"https:\/\/patronotremaisonglons.be\/index.php?rest_route=\/wp\/v2\/pages\/76","targetHints":{"allow":["GET"]}}],"collection":[{"href":"https:\/\/patronotremaisonglons.be\/index.php?rest_route=\/wp\/v2\/pages"}],"about":[{"href":"https:\/\/patronotremaisonglons.be\/index.php?rest_route=\/wp\/v2\/types\/page"}],"author":[{"embeddable":true,"href":"https:\/\/patronotremaisonglons.be\/index.php?rest_route=\/wp\/v2\/users\/1"}],"replies":[{"embeddable":true,"href":"https:\/\/patronotremaisonglons.be\/index.php?rest_route=%2Fwp%2Fv2%2Fcomments&post=76"}],"version-history":[{"count":79,"href":"https:\/\/patronotremaisonglons.be\/index.php?rest_route=\/wp\/v2\/pages\/76\/revisions"}],"predecessor-version":[{"id":676,"href":"https:\/\/patronotremaisonglons.be\/index.php?rest_route=\/wp\/v2\/pages\/76\/revisions\/676"}],"wp:attachment":[{"href":"https:\/\/patronotremaisonglons.be\/index.php?rest_route=%2Fwp%2Fv2%2Fmedia&parent=76"}],"curies":[{"name":"wp","href":"https:\/\/api.w.org\/{rel}","templated":true}]}}